 g be v(-4). Suppose 25 = g*o + 9, -3*w = -3*o - 24. Calculate the remainder when 58 is divided by w.
10
Let p(i) = i**3 + i**2 - 4*i - 1. Let k be p(-3). Calculate the remainder when (-160)/(-24)*27/8*336/126 is divided by (-6)/(-21) + (-215)/k.
29
Suppose 1845 = -l + 121*l - 4515. Calculate the remainder when 108 is divided by l.
2
Let z = 68 - -56. What is the remainder when (z/(-12) - 6)*(-1 + -5) is divided by 25?
23
Let w = -18 - -44. Let n = 2456 + -2453. Calculate the remainder when w is divided by n.
2
Suppose -i + 16 = -5*i, 3*i + 24 = 2*w. Suppose 4*j = 2*v + 56, w*v = 5*j + 7*v - 56. Suppose j*s = -8*s + 760. What is the remainder when s is divided by 9?
2
Let w(b) = b**3 - 16*b**2 + 27*b + 21. Let v = 9 + -9. Suppose -4*y - 8 = v, 0 = 2*n - n - 5*y - 19. Calculate the remainder when n is divided by w(14).
2
Suppose 5*z + 1850 = 5*t, -3*z - 12 = z. Calculate the remainder when t is divided by 13.
3
Let o(a) = a**2 - 8*a + 5. Let l be o(9). Let v(i) = -i**3 + 14*i**2 + 5*i - 25. Let d = 1 - -7. What is the remainder when v(l) is divided by d?
5
Suppose o + 127 - 143 = 0. What is the remainder when (-7 - -6) + (-1)/((-3)/231) is divided by o?
12
Let w(b) = b**3 - 10*b**2 - 16*b + 95. Let x be ((-18)/4)/9 + (-25)/(-2). Calculate the remainder when w(x) is divided by 24.
23
Suppose 439*u = -2*w + 436*u + 5, -2*w - 5*u - 1 = 0. What is the remainder when 1952 is divided by w?
6
Let t(j) be the third derivative of j**6/120 + j**5/10 + j**4/4 + 64*j**2. Calculate the remainder when (-1)/(-4) + (-166)/(-8) is divided by t(-4).
5
Suppose 2*d + 5*i + 75 - 1220 = 0, -2*d + 2*i = -1124. What is the remainder when d is divided by 58?
43
Let o be (-2)/(2/1) - (-57 - 4). Let d = -49 + o. What is the remainder when 162 is divided by d?
8
Let y = 1466 + 4963. What is the remainder when y is divided by 157?
149
Suppose 37*o - 3816 = -37*o + 5360. What is the remainder when 348 is divided by o?
100
Suppose -24 = -4*a - 4, -2*g + 5*a = 11. Suppose 22*h - 20*h = 258. What is the remainder when h is divided by g?
3
Let r(k) = 4*k**2 + 62*k - 120. Calculate the remainder when r(-21) is divided by 55.
12
Let g = -164 - -192. What is the remainder when 29 is divided by 34/4*56/g?
12
What is the remainder when (12/48)/(6/216) + 126 is divided by 12?
3
Suppose g - 219 = -v, 36*v - 219 = -g + 41*v. Calculate the remainder when 588 is divided by g.
150
Let h(q) = 61 + 5*q - 2*q - 9*q. What is the remainder when 63 is divided by h(8)?
11
Let d = 2272 + -1924. What is the remainder when 1756 is divided by d?
16
Let w be (6 + -6)/(1 - -3). Suppose w = 15*m - 18*m - 2*q + 425, 4*q = -3*m + 421. What is the remainder when m is divided by 37?
32
Suppose 5*x = -11*x + 16240. Suppose -x*t = -1008*t - 336. What is the remainder when 189 is divided by t?
45
Let b(s) = 263*s - 2595. Calculate the remainder when b(23) is divided by 26.
22
Let a = 89 - -49. Let g = 715 - 712. Calculate the remainder when a is divided by g.
0
Let k(c) = 4*c**2 + 36*c - 159. What is the remainder when 311 is divided by k(-14)?
69
Let q(z) = 3*z + 38. Let y be q(-7). Let r(j) = 7*j + 60. Calculate the remainder when r(y) is divided by 18.
17
Suppose v - 6 = 6 + 10. What is the remainder when 886 is divided by v?
6
Let b be (-2 - (-6 - -4))/(7/7). Suppose o - 3*g - 48 = b, -4*o + 3*g - 21 = -222. What is the remainder when 458 is divided by o?
50
Suppose 189*y = 188*y + 316. Calculate the remainder when y is divided by 90.
46
Suppose -123*k - 220 = -134*k. Suppose -7*a = -k*a + 11687. Calculate the remainder when a is divided by 90.
89
Let y(w) = 71*w**2 - 10*w + 20. Let i be y(4). Suppose 6*q - i = 366. What is the remainder when q is divided by 62?
61
Let s be -5*2*(25/(-10) + 2). Suppose l = -4*c + 3, -s*l - 3*c + 15 = -4*c. Let u = 35 - 15. Calculate the remainder when u is divided by l.
2
Let c(a) = -8*a + 35. Let n be c(14). Let y = n - -90. Suppose 166 = 4*t - 86. Calculate the remainder when t is divided by y.
11
Suppose -28*y + 25 + 1136 = -687. What is the remainder when y is divided by 12?
6
Let l(a) = a**3 - 71*a**2 + 660*a + 38. Suppose j + 1 + 3 = k, 5*k - 22 = 4*j. Calculate the remainder when l(60) is divided by k.
2
Suppose 12*b = 23*b - 1309. Suppose 357 = 3*t + 324. What is the remainder when b is divided by t?
9
Let w(h) = 432*h - 1633. Calculate the remainder when 525 is divided by w(4).
50
Let r(s) = -2*s**2 + 9*s - 6. Let d be r(6). Let b = -17 - d. Suppose -b - 185 = -8*g. What is the remainder when 92 is divided by g?
20
Suppose 217 = -4*w + 3*q, 0*q - 3 = -q. Let s = -49 - w. Calculate the remainder when 67 is divided by s.
1
Let g(c) be the second derivative of c**4/12 - c**3/3 - 61*c**2/2 - 86*c. What is the remainder when g(-13) is divided by 15?
14
Suppose -120*z = 2433 - 7233. What is the remainder when 81 is divided by z?
1
Let z = 132693 - 132544. What is the remainder when z is divided by 29/3 - (-2)/6?
9
Let u = 487 - 466. Suppose u*a - 411 = 51. What is the remainder when a is divided by 13?
9
Let f = -3 - -4. Let z be ((-4)/1 - -4)*f. Suppose -4*v + 261 = 4*l - 3*l, z = -4*v - 4*l + 252. What is the remainder when v is divided by 17?
15
Let b = 1092 + -940. Calculate the remainder when b is divided by 3.
2
Let l(s) = -14 - s**3 - 5*s - s - 11 - 5*s**2 + 44 - 13. What is the remainder when l(-4) is divided by 2?
0
Let h = 7 - 4. Suppose -h*x + 13 + 48 = -t, 2*x = -2*t + 38. What is the remainder when 10/(10 + -5) - (-105)/3 is divided by x?
17
Let r(u) = u**2 + 6*u - 126. Let i be r(9). Calculate the remainder when 34 is divided by 2244/108 + 3 + (-25)/i.
13
Let t(u) = -u - 1. Calculate the remainder when -3*60/36*-1 is divided by t(-5).
1
Let x(b) = 3*b**2 + 23*b + 44. Let r = 1 - -1. Suppose -2*f + 42 = 2*c - 56, r*f - 47 = -c. What is the remainder when c is divided by x(-6)?
9
Suppose -4*r = 4*f - 43784, -785*f + 43777 = -781*f + 5*r. What is the remainder when f is divided by 33?
30
Let n = -38737 + 39829. Calculate the remainder when n is divided by 218.
2
Suppose 1 = 5*i + 3*o, 2 = -4*i - o + 7. Suppose i*f = -2*r + 381 + 133, 3*r + 539 = 2*f. Calculate the remainder when f is divided by 12.
10
Let y(d) = d**2 - 19*d - 14. Suppose 57 - 192 = -24*u + 801. Calculate the remainder when u is divided by y(21).
11
Suppose -12*w + 26 = -11*w. Suppose -o - 4*h + 10 = 0, -6*o + 3*o = -2*h + w. What is the remainder when 55 is divided by 1904/98 - o/(-14)?
17
Let c(x) = -6*x**2 - 7*x**2 + x**3 - 14*x + x**2 + 17. Let g be c(13). Suppose -g*n + 10 - 2 = 0. What is the remainder when 13 is divided by n?
1
Let y = 1 - -45. Suppose 0 = -8*z + 162 + y. Calculate the remainder when z is divided by 6.
2
Let i be (15/2)/((-5)/(-20)). Let o be (-1 - 2)*110/i. Calculate the remainder when 27 is divided by (o + 17)*(-14)/(-6).
13
Let p be (11 + 3290/50)/((-2)/10). Let i = p - -450. Calculate the remainder when i is divided by 51/2*(-2)/(-3).
15
Let o be (-5)/3 - (-192)/18. Let w = 49 + -33. Let g = o + w. Calculate the remainder when 73 is divided by g.
23
Suppose 0 = 70*h - 62*h - 592. Suppose -8*l + 5*l = 0. Suppose l*f - f + 39 = 0. Calculate the remainder when h is divided by f.
35
Let i be (0/(-6))/(3 + -1). Suppose 0*s - 2*s - 3*g + 31 = 0, i = -2*g + 6. What is the remainder when s is divided by 2*((-42)/(-35))/(12/15)?
2
Let b(h) = -99*h + 276. What is the remainder when 234 is divided by b(2)?
0
Suppose 57*g = 54*g + p + 101, 5*p + 50 = 2*g. Calculate the remainder when 650 is divided by g.
20
Suppose -q + 28 = q. Let l be 16/(-120) - (-1885)/75. Suppose -3*t + 4*w = -18, -31 = -t - 5*w - l. Calculate the remainder when q is divided by t.
2
Let h be 2 + (-10)/5 + 0. Suppose -3*d + 112 + 125 = h. Let i(a) = a**2 - a - 116. What is the remainder when d is divided by i(12)?
15
Suppose -4*q - 437 = 5*v, 2*v = -3*q + 5*q + 214. Let g = q + 115. Let b = 8 + -3. Calculate the remainder when g is divided by b.
2
Let w = -90 - -181. Let m = w - 14. What is the remainder when m is divided by 42?
35
Suppose -i = 4*b - 30, 4*i + 5*b - 37 - 28 = 0. Suppose -2*g + 11 = 5*k, 2*g - 4*k = 7*g + 15. Let n = i - g. Calculate the remainder when n is divided by 7.
3
Let k(c) = -196*c + 877. Calculate the remainder when 6414 is divided by k(4).
90
Let k(v) = 4*v**3 + 69*v**2 + 18